{"id":45,"date":"2018-12-03T00:26:21","date_gmt":"2018-12-02T23:26:21","guid":{"rendered":"https:\/\/europakonferenz.eu\/?page_id=45"},"modified":"2024-01-23T16:43:55","modified_gmt":"2024-01-23T15:43:55","slug":"kontakt","status":"publish","type":"page","link":"https:\/\/europakonferenz.eu\/previous\/kontakt\/","title":{"rendered":"Kontakt"},"content":{"rendered":"\t\t<div data-elementor-type=\"wp-post\" data-elementor-id=\"45\" class=\"elementor elementor-45\" data-elementor-post-type=\"page\">\n\t\t\t\t\t\t<div class=\"elementor-inner\">\n\t\t\t\t<div class=\"elementor-section-wrap\">\n\t\t\t\t\t\t\t\t\t<section class=\"elementor-section elementor-top-section elementor-element elementor-element-4a64bdaa elementor-section-boxed elementor-section-height-default elementor-section-height-default\" data-id=\"4a64bdaa\" data-element_type=\"section\">\n\t\t\t\t\t\t<div class=\"elementor-container elementor-column-gap-default\">\n\t\t\t\t\t\t\t<div class=\"elementor-row\">\n\t\t\t\t\t<div class=\"elementor-column elementor-col-100 elementor-top-column elementor-element elementor-element-6f86d758\" data-id=\"6f86d758\" data-element_type=\"column\">\n\t\t\t<div class=\"elementor-column-wrap elementor-element-populated\">\n\t\t\t\t\t\t\t<div class=\"elementor-widget-wrap\">\n\t\t\t\t\t\t<div class=\"elementor-element elementor-element-eb59577 elementor-widget elementor-widget-text-editor\" data-id=\"eb59577\" data-element_type=\"widget\" data-widget_type=\"text-editor.default\">\n\t\t\t\t<div class=\"elementor-widget-container\">\n\t\t\t\t\t\t\t\t<div class=\"elementor-text-editor elementor-clearfix\">\n\t\t\t\t<p>Adresse:<br>M\u00fcnchner Europa Konferenz e.V.<br>c\/o Ortenburg &amp; Partner<br>Lenbachplatz 1<br>80333 M\u00fcnchen<\/p>\n<p>E-Mail: info@europakonferenz.eu<br>Website: www.europakonferenz.eu<\/p>\n<h2>Impressum<\/h2>\n<p>Registereintrag: M\u00fcnchner Europakonferenz e.V.<br>Vereinsregister Amtsgericht M\u00fcnchen Nr. VR 20641<\/p>\n<p>Vertreten durch den Vorstand:<\/p>\n<p>Manfred Weber, Vorstandsvorsitzender<br>Dr. Benedikt Franke, Stellvertretender Vorsitzender<br>Stavros Konstantinidis, Stellvertretender Vorsitzender<br><span style=\"font-size: 1rem;\">Moritz Graf zu Ortenburg, Schatzmeister<\/span><\/p>\n<p>V.i.S.d \u00a7 66 Abs. 2 RStV:<br>Manfred Weber, Vorstandsvorsitzender<br>Dr. Benedikt Franke, Stellvertretender Vorsitzender<br>Stavros Konstantinidis, Stellvertretender Vorsitzender<br>Moritz Graf zu Ortenburg, Schatzmeister<\/p>\n<p><a href=\"https:\/\/europakonferenz.eu\/wp-content\/uploads\/2018\/12\/MEK_Datenschutzerkla%CC%88rung.pdf\" target=\"_blank\" rel=\"noopener\">Datenschutzbestimmungen<\/a><\/p>\t\t\t\t\t<\/div>\n\t\t\t\t\t\t<\/div>\n\t\t\t\t<\/div>\n\t\t\t\t\t\t<\/div>\n\t\t\t\t\t<\/div>\n\t\t<\/div>\n\t\t\t\t\t\t\t\t<\/div>\n\t\t\t\t\t<\/div>\n\t\t<\/section>\n\t\t\t\t\t\t\t\t\t<\/div>\n\t\t\t<\/div>\n\t\t\t\t\t<\/div>\n\t\t","protected":false},"excerpt":{"rendered":"<p>Adresse:M\u00fcnchner Europa Konferenz e.V.c\/o Ortenburg &amp; PartnerLenbachplatz 180333 M\u00fcnchen E-Mail: info@europakonferenz.euWebsite: www.europakonferenz.eu Impressum Registereintrag: M\u00fcnchner Europakonferenz e.V.Vereinsregister Amtsgericht M\u00fcnchen Nr. VR 20641 Vertreten durch den Vorstand: Manfred Weber, VorstandsvorsitzenderDr. Benedikt Franke, Stellvertretender VorsitzenderStavros Konstantinidis, Stellvertretender VorsitzenderMoritz Graf zu Ortenburg, Schatzmeister V.i.S.d \u00a7 66 Abs. 2 RStV:Manfred Weber, VorstandsvorsitzenderDr. Benedikt Franke, Stellvertretender VorsitzenderStavros Konstantinidis, Stellvertretender VorsitzenderMoritz &hellip; <\/p>\n<p class=\"link-more\"><a href=\"https:\/\/europakonferenz.eu\/previous\/kontakt\/\" class=\"more-link\"><span class=\"screen-reader-text\">\u201eKontakt\u201c<\/span> weiterlesen<\/a><\/p>\n","protected":false},"author":1,"featured_media":0,"parent":0,"menu_order":0,"comment_status":"closed","ping_status":"closed","template":"","meta":{"inline_featured_image":false,"footnotes":""},"class_list":["post-45","page","type-page","status-publish","hentry"],"_links":{"self":[{"href":"https:\/\/europakonferenz.eu\/previous\/wp-json\/wp\/v2\/pages\/45","targetHints":{"allow":["GET"]}}],"collection":[{"href":"https:\/\/europakonferenz.eu\/previous\/wp-json\/wp\/v2\/pages"}],"about":[{"href":"https:\/\/europakonferenz.eu\/previous\/wp-json\/wp\/v2\/types\/page"}],"author":[{"embeddable":true,"href":"https:\/\/europakonferenz.eu\/previous\/wp-json\/wp\/v2\/users\/1"}],"replies":[{"embeddable":true,"href":"https:\/\/europakonferenz.eu\/previous\/wp-json\/wp\/v2\/comments?post=45"}],"version-history":[{"count":21,"href":"https:\/\/europakonferenz.eu\/previous\/wp-json\/wp\/v2\/pages\/45\/revisions"}],"predecessor-version":[{"id":2151,"href":"https:\/\/europakonferenz.eu\/previous\/wp-json\/wp\/v2\/pages\/45\/revisions\/2151"}],"wp:attachment":[{"href":"https:\/\/europakonferenz.eu\/previous\/wp-json\/wp\/v2\/media?parent=45"}],"curies":[{"name":"wp","href":"https:\/\/api.w.org\/{rel}","templated":true}]}}